 greatest common divisor of 196 and 343.
49
Calculate the greatest common divisor of 533 and 13.
13
Calculate the highest common divisor of 12 and 15564.
12
What is the highest common factor of 72 and 936?
72
What is the greatest common divisor of 2280 and 8?
8
Calculate the highest common factor of 8 and 724.
4
What is the greatest common factor of 377 and 13?
13
Calculate the greatest common divisor of 4031 and 29.
29
What is the highest common divisor of 795 and 15?
15
Calculate the greatest common divisor of 1216 and 76.
76
What is the highest common factor of 152 and 1919?
19
What is the highest common factor of 4 and 628?
4
What is the greatest common divisor of 3168 and 416?
32
What is the highest common factor of 11 and 154?
11
What is the highest common factor of 6201 and 52?
13
Calculate the greatest common divisor of 19 and 24643.
19
Calculate the greatest common factor of 17 and 34.
17
What is the highest common factor of 17 and 1?
1
Calculate the greatest common factor of 62 and 155.
31
What is the highest common factor of 3 and 24933?
3
Calculate the greatest common factor of 6283 and 122.
61
Calculate the highest common factor of 196 and 616.
28
Calculate the greatest common factor of 515 and 17304.
103
What is the highest common factor of 84 and 36?
12
Calculate the highest common divisor of 3087 and 63.
63
Calculate the highest common factor of 160 and 1584.
16
What is the highest common factor of 23 and 69?
23
Calculate the greatest common factor of 469 and 201.
67
Calculate the highest common divisor of 7 and 1.
1
What is the highest common factor of 364 and 455?
91
What is the greatest common divisor of 156 and 65?
13
What is the highest common factor of 5247 and 297?
99
Calculate the greatest common factor of 364 and 260.
52
Calculate the greatest common divisor of 13 and 949.
13
Calculate the highest common divisor of 390 and 8775.
195
Calculate the greatest common divisor of 1050 and 36050.
350
Calculate the highest common divisor of 56 and 182.
14
Calculate the highest common factor of 645 and 43.
43
Calculate the highest common divisor of 63 and 234.
9
What is the highest common factor of 114 and 1?
1
What is the highest common divisor of 72 and 72?
72
What is the greatest common divisor of 376 and 72?
8
Calculate the highest common factor of 1212 and 84.
12
Calculate the greatest common factor of 168 and 120.
24
Calculate the greatest common factor of 43 and 10363.
43
What is the greatest common divisor of 459 and 9?
9
What is the highest common factor of 1 and 4?
1
What is the greatest common factor of 74 and 74?
74
Calculate the highest common factor of 335 and 134.
67
What is the highest common divisor of 12480 and 104?
104
What is the highest common divisor of 59 and 43837?
59
Calculate the greatest common divisor of 992 and 31.
31
What is the greatest common factor of 341 and 31?
31
Calculate the greatest common factor of 2373 and 21.
21
Calculate the greatest common divisor of 81 and 2421.
9
What is the highest common factor of 25 and 18?
1
Calculate the highest common factor of 216 and 576.
72
Calculate the highest common divisor of 234 and 24102.
234
Calculate the highest common factor of 10 and 10.
10
What is the highest common factor of 375 and 570?
15
Calculate the greatest common factor of 91 and 469.
7
Calculate the highest common factor of 3706 and 763.
109
What is the highest common factor of 3596 and 31?
31
Calculate the highest common divisor of 223 and 11.
1
Calculate the highest common factor of 19 and 304.
19
What is the highest common factor of 50 and 350?
50
Calculate the highest common divisor of 319 and 44.
11
What is the greatest common factor of 6 and 11814?
6
What is the highest common divisor of 150 and 2910?
30
Calculate the highest common divisor of 3239 and 82.
41
What is the highest common divisor of 2332 and 4452?
212
Calculate the greatest common factor of 2 and 34.
2
What is the greatest common divisor of 30 and 42?
6
What is the greatest common divisor of 16 and 5008?
16
What is the highest common factor of 1148 and 28?
28
Calculate the highest common factor of 18 and 66.
6
What is the greatest common divisor of 42 and 406?
14
Calculate the greatest common divisor of 35 and 7945.
35
Calculate the greatest common divisor of 76 and 10222.
38
Calculate the greatest common factor of 6233 and 368.
23
What is the greatest common factor of 36869 and 161?
161
Calculate the greatest common divisor of 24 and 80.
8
What is the highest common divisor of 62 and 3751?
31
Calculate the highest common divisor of 325 and 39.
13
What is the highest common factor of 70 and 30?
10
What is the highest common divisor of 112 and 7?
7
Calculate the greatest common factor of 754 and 26.
26
What is the greatest common divisor of 11167 and 78?
13
Calculate the greatest common factor of 459 and 1802.
17
What is the greatest common divisor of 54 and 2538?
54
What is the highest common divisor of 2772 and 297?
99
What is the greatest common factor of 63 and 14?
7
Calculate the greatest common factor of 1750 and 28.
14
What is the highest common divisor of 1072 and 128?
16
What is the greatest common divisor of 1474 and 22?
22
Calculate the highest common factor of 5192 and 8.
8
What is the greatest common divisor of 44 and 5038?
22
What is the highest common factor of 40 and 90?
10
Calculate the highest common divisor of 440 and 33.
11
What is the highest common factor of 32 and 6112?
32
Calculate the highest common factor of 667 and 46.
23
Calculate the highest common divisor of 190 and 10.
10
What is the highest common factor of 80 and 1072?
16
What is the highest common factor of 1012 and 276?
92
What is the highest common factor of 884 and 408?
68
Calculate the highest common divisor of 8 and 1048.
8
What is the greatest common divisor of 52 and 4771?
13
Calculate the greatest common divisor of 44 and 464.
4
What is the greatest common divisor of 15480 and 144?
72
Calculate the greatest common factor of 2128 and 1330.
266
What is the highest common factor of 237 and 1?
1
Calculate the greatest common divisor of 15 and 2085.
15
What is the highest common factor of 12 and 4866?
6
Calculate the greatest common divisor of 1749 and 33.
33
Calculate the greatest common factor of 35 and 95.
5
Calculate the highest common divisor of 150 and 15.
15
Calculate the highest common divisor of 117 and 504.
9
What is the highest common divisor of 99 and 45?
9
Calculate the highest common divisor of 343 and 49.
49
What is the highest common factor of 407 and 36223?
407
Calculate the highest common factor of 9 and 113823.
9
Calculate the greatest common factor of 2541 and 21.
21
What is the highest common factor of 63 and 14427?
63
What is the highest common factor of 885 and 1239?
177
What is the highest common divisor of 47 and 1598?
47
What is the highest common divisor of 1919 and 76?
19
Calculate the highest common divisor of 25 and 2025.
25
Calculate the greatest common divisor of 989 and 460.
23
What is the highest common divisor of 120358 and 14?
14
Calculate the highest common divisor of 65 and 2665.
65
Calculate the highest common factor of 235 and 1222.
47
Calculate the greatest common divisor of 6 and 42.
6
Calculate the highest common divisor of 366 and 9.
3
What is the greatest common factor of 18 and 207?
9
What is the greatest common factor of 287 and 246?
41
What is the greatest common factor of 10 and 3?
1
Calculate the greatest common factor of 543 and 6.
3
What is the greatest common divisor of 56 and 36?
4
What is the highest common divisor of 6335 and 35?
35
Calculate the highest common divisor of 1260 and 9.
9
What is the highest common divisor of 225 and 33525?
225
Calculate the highest common factor of 1605 and 120.
15
What is the greatest common factor of 3570 and 525?
105
What is the highest common divisor of 99 and 22?
11
Calculate the highest common divisor of 28 and 224.
28
What is the greatest common factor of 32 and 1712?
16
Calculate the highest common divisor of 2 and 5.
1
What is the greatest common factor of 8 and 216?
8
What is the greatest common factor of 121 and 1342?
11
What is the greatest common factor of 1358 and 28?
14
Calculate the greatest common divisor of 51 and 85.
17
Wha